en 166 is divided by 85.
81
Calculate the remainder when 999 is divided by 200.
199
What is the remainder when 908 is divided by 16?
12
Calculate the remainder when 401 is divided by 101.
98
What is the remainder when 1247 is divided by 141?
119
Calculate the remainder when 57 is divided by 20.
17
Calculate the remainder when 1356 is divided by 116.
80
What is the remainder when 1401 is divided by 101?
88
Calculate the remainder when 117 is divided by 45.
27
Calculate the remainder when 101 is divided by 17.
16
Calculate the remainder when 359 is divided by 19.
17
Calculate the remainder when 737 is divided by 118.
29
Calculate the remainder when 1075 is divided by 180.
175
Calculate the remainder when 37 is divided by 10.
7
What is the remainder when 767 is divided by 21?
11
What is the remainder when 874 is divided by 159?
79
What is the remainder when 403 is divided by 3?
1
Calculate the remainder when 47 is divided by 25.
22
Calculate the remainder when 31 is divided by 9.
4
What is the remainder when 63 is divided by 4?
3
What is the remainder when 2368 is divided by 30?
28
Calculate the remainder when 924 is divided by 191.
160
What is the remainder when 7979 is divided by 228?
227
Calculate the remainder when 214 is divided by 38.
24
Calculate the remainder when 4432 is divided by 20.
12
Calculate the remainder when 2507 is divided by 2505.
2
Calculate the remainder when 245 is divided by 49.
0
Calculate the remainder when 556 is divided by 113.
104
What is the remainder when 4815 is divided by 1198?
23
Calculate the remainder when 12527 is divided by 12.
11
What is the remainder when 5696 is divided by 41?
38
Calculate the remainder when 5193 is divided by 1038.
3
What is the remainder when 23421 is divided by 183?
180
Calculate the remainder when 60 is divided by 3.
0
Calculate the remainder when 9534 is divided by 90.
84
Calculate the remainder when 10352 is divided by 119.
118
Calculate the remainder when 49 is divided by 35.
14
Calculate the remainder when 214 is divided by 111.
103
Calculate the remainder when 47955 is divided by 38.
37
Calculate the remainder when 245 is divided by 16.
5
Calculate the remainder when 30590 is divided by 33.
32
What is the remainder when 99 is divided by 54?
45
What is the remainder when 185 is divided by 101?
84
What is the remainder when 234 is divided by 44?
14
What is the remainder when 140 is divided by 11?
8
Calculate the remainder when 9239 is divided by 110.
109
Calculate the remainder when 814 is divided by 103.
93
Calculate the remainder when 954 is divided by 60.
54
What is the remainder when 627 is divided by 62?
7
What is the remainder when 505 is divided by 150?
55
What is the remainder when 311 is divided by 52?
51
Calculate the remainder when 245 is divided by 13.
11
What is the remainder when 71 is divided by 19?
14
Calculate the remainder when 38 is divided by 17.
4
Calculate the remainder when 215 is divided by 22.
17
Calculate the remainder when 635 is divided by 49.
47
Calculate the remainder when 227 is divided by 37.
5
What is the remainder when 642 is divided by 640?
2
Calculate the remainder when 761 is divided by 19.
1
What is the remainder when 1056 is divided by 518?
20
Calculate the remainder when 506 is divided by 51.
47
Calculate the remainder when 200 is divided by 67.
66
What is the remainder when 451 is divided by 148?
7
What is the remainder when 160 is divided by 9?
7
What is the remainder when 399 is divided by 80?
79
Calculate the remainder when 242 is divided by 7.
4
Calculate the remainder when 5863 is divided by 8.
7
What is the remainder when 87 is divided by 5?
2
Calculate the remainder when 1596 is divided by 14.
0
What is the remainder when 134 is divided by 15?
14
What is the remainder when 1048 is divided by 24?
16
Calculate the remainder when 3178 is divided by 230.
188
What is the remainder when 1083 is divided by 155?
153
Calculate the remainder when 229 is divided by 48.
37
What is the remainder when 609 is divided by 123?
117
Calculate the remainder when 309 is divided by 72.
21
What is the remainder when 330 is divided by 14?
8
What is the remainder when 301 is divided by 148?
5
Calculate the remainder when 11231 is divided by 15.
11
Calculate the remainder when 378 is divided by 85.
38
What is the remainder when 687 is divided by 179?
150
Calculate the remainder when 193 is divided by 40.
33
Calculate the remainder when 2201 is divided by 49.
45
What is the remainder when 2147 is divided by 268?
3
Calculate the remainder when 563 is divided by 78.
17
What is the remainder when 277 is divided by 83?
28
Calculate the remainder when 544 is divided by 126.
40
What is the remainder when 46 is divided by 12?
10
What is the remainder when 12467 is divided by 367?
356
What is the remainder when 1108 is divided by 44?
8
What is the remainder when 5119 is divided by 42?
37
Calculate the remainder when 838 is divided by 331.
176
Calculate the remainder when 4510 is divided by 1125.
10
What is the remainder when 377 is divided by 45?
17
Calculate the remainder when 1328 is divided by 14.
12
What is the remainder when 292 is divided by 96?
4
What is the remainder when 443 is divided by 111?
110
Calculate the remainder when 23 is divided by 11.
1
What is the remainder when 17386 is divided by 138?
136
Calculate the remainder when 106 is divided by 29.
19
Calculate the remainder when 404 is divided by 103.
95
What is the remainder when 281 is divided by 127?
27
What is the remainder when 1784 is divided by 17?
16
What is the remainder when 4224 is divided by 223?
210
What is the remainder when 11 is divided by 7?
4
What is the remainder when 9 is divided by 3?
0
Calculate the remainder when 464 is divided by 93.
92
What is the remainder when 358 is divided by 72?
70
Calculate the remainder when 261 is divided by 217.
44
What is the remainder when 310 is divided by 3?
1
What is the remainder when 2405 is divided by 800?
5
What is the remainder when 362 is divided by 287?
75
Calculate the remainder when 4514 is divided by 129.
128
Calculate the remainder when 236 is divided by 60.
56
What is the remainder when 83 is divided by 17?
15
What is the remainder when 251 is divided by 74?
29
What is the remainder when 5601 is divided by 59?
55
Calculate the remainder when 4377 is divided by 137.
130
What is the remainder when 234 is divided by 16?
10
Calculate the remainder when 220 is divided by 18.
4
What is the remainder when 10294 is divided by 34?
26
What is the remainder when 45 is divided by 11?
1
Calculate the remainder when 501 is divided by 330.
171
Calculate the remainder when 830 is divided by 25.
5
What is the remainder when 1929 is divided by 243?
228
What is the remainder when 39 is divided by 5?
4
What is the remainder when 872 is divided by 40?
32
Calculate the remainder when 224 is divided by 77.
70
Calculate the remainder when 361 is divided by 70.
11
What is the remainder when 781 is divided by 27?
25
Calculate the remainder when 5161 is divided by 21.
16
Calculate the remainder when 265 is divided by 67.
64
Calculate the remainder when 5732 is divided by 1903.
23
Calculate the remainder when 2731 is divided by 32.
11
Calculate the remainder when 178 is divided by 90.
88
What is the remainder when 797 is divided by 91?
69
Calculate the remainder when 2302 is divided by 49.
48
What is the remainder when 8 is divided by 4?
0
Calculate the remainder when 162 is divided by 79.
4
What is the remainder when 8611 is divided by 29?
27
What is the remainder when 305 is divided by 22?
19
Calculate the remainder when 1237 is divided by 257.
209
What is the remainder when 383 is divided by 40?
23
What is the remainder when 151 is divided by 79?
72
Calculate the remainder when 1768 is divided by 579.
31
What is the remainder when 711 is divided by 235?
6
What is the remainder when 158 is divided by 97?
61
Calculate the remainder when 975 is divided by 21.
9
Calculate the remainder when 49 is divided by 16.
1
What is the remainder when 16 is divided by 6?
4
Calculate the remainder when 39 is divided by 24.
15
What is the remainder when 49 is divided by 17?
15
What is the remainder when 218 is divided by 51?
14
Calculate the remainder when 901 is divided by 2